{"id":304,"date":"2014-07-13T13:04:33","date_gmt":"2014-07-13T12:04:33","guid":{"rendered":"http:\/\/v2.femmesdexpression06.fr\/?page_id=304"},"modified":"2022-11-17T11:18:50","modified_gmt":"2022-11-17T10:18:50","slug":"comment-adherer","status":"publish","type":"page","link":"https:\/\/femmesdexpression06.fr\/index.php\/comment-adherer\/","title":{"rendered":"Comment adh\u00e9rer ?"},"content":{"rendered":"<h3><strong>Vous souhaitez nous soutenir et adh\u00e9rer \u00e0 notre association ?<\/strong><\/h3>\n<p><img fetchpriority=\"high\" decoding=\"async\" class=\"alignnone size-medium wp-image-340\" src=\"http:\/\/www.femmesdexpression06.fr\/wp-content\/uploads\/2014\/07\/Bulletin-enveloppe-300x217.jpg\" alt=\"Bulletin enveloppe\" width=\"300\" height=\"217\" \/><\/p>\n<p>Pour cela, c&#8217;est tr\u00e8s simple !<\/p>\n<p>Il vous suffit de nous \u00e9crire gr\u00e2ce au formulaire en ligne, dans l&#8217;onglet <a title=\"Contact\" href=\"http:\/\/www.femmesdexpression06.fr\/contact\/\"><strong>&#8220;contact&#8221;.<\/strong><\/a><\/p>\n<p>Si vous souhaitez apporter votre contribution\u00a0pour soutenir ce type d\u2019actions, vous pouvez<br \/>\nfaire un don par ch\u00e8que \u00e0 l&#8217;ordre de\u00a0<span style=\"font-weight: 600;\">&#8220;<\/span><span style=\"font-weight: 600;\">Femmes d&#8217;Expression 06&#8243;,<\/span>\u00a0et nous le retourner \u00e0 l&#8217;adresse suivante : &#8220;<strong>Femmes d&#8217;Expression 06&#8243; &#8211;<\/strong>\u00a0<strong>15, Bd Franck Pilatte &#8211; 06300 Nice &#8211; c\/o Andr\u00e9e Alziari-Negre<\/strong><strong>.<\/strong><\/p>\n<p>Pensez \u00e0 nous rejoindre et \u00e0 nous suivre sur\u00a0<a title=\"Page Facebook\" href=\"https:\/\/www.facebook.com\/profile.php?id=100015072768668\" target=\"_blank\"><span style=\"font-weight: 600;\">notre\u00a0page Facebook !<\/span><\/a><\/p>\n<blockquote><p><span style=\"color: #ff00ff;\">Nous vous disons \u00e0 tr\u00e8s bient\u00f4t\u00a0!<\/span><\/p><\/blockquote>\n<p>&nbsp;<\/p>\n","protected":false},"excerpt":{"rendered":"<p>Vous souhaitez nous soutenir et adh\u00e9rer \u00e0 notre association ? Pour cela, c&#8217;est tr\u00e8s simple ! Il vous suffit de nous \u00e9crire gr\u00e2ce au formulaire en ligne, dans l&#8217;onglet &#8220;contact&#8221;. Si vous souhaitez apporter votre contribution\u00a0pour soutenir ce type d\u2019actions, vous pouvez faire un don par ch\u00e8que \u00e0 l&#8217;ordre de\u00a0&#8220;Femmes d&#8217;Expression 06&#8243;,\u00a0et nous le retourner [&hellip;]<\/p>\n","protected":false},"author":2,"featured_media":0,"parent":0,"menu_order":0,"comment_status":"closed","ping_status":"open","template":"","meta":{"footnotes":""},"class_list":["post-304","page","type-page","status-publish","hentry"],"_links":{"self":[{"href":"https:\/\/femmesdexpression06.fr\/index.php\/wp-json\/wp\/v2\/pages\/304","targetHints":{"allow":["GET"]}}],"collection":[{"href":"https:\/\/femmesdexpression06.fr\/index.php\/wp-json\/wp\/v2\/pages"}],"about":[{"href":"https:\/\/femmesdexpression06.fr\/index.php\/wp-json\/wp\/v2\/types\/page"}],"author":[{"embeddable":true,"href":"https:\/\/femmesdexpression06.fr\/index.php\/wp-json\/wp\/v2\/users\/2"}],"replies":[{"embeddable":true,"href":"https:\/\/femmesdexpression06.fr\/index.php\/wp-json\/wp\/v2\/comments?post=304"}],"version-history":[{"count":25,"href":"https:\/\/femmesdexpression06.fr\/index.php\/wp-json\/wp\/v2\/pages\/304\/revisions"}],"predecessor-version":[{"id":939,"href":"https:\/\/femmesdexpression06.fr\/index.php\/wp-json\/wp\/v2\/pages\/304\/revisions\/939"}],"wp:attachment":[{"href":"https:\/\/femmesdexpression06.fr\/index.php\/wp-json\/wp\/v2\/media?parent=304"}],"curies":[{"name":"wp","href":"https:\/\/api.w.org\/{rel}","templated":true}]}}

Comment adhérer ?

<h3><strong>Vous souhaitez nous soutenir et adhérer à notre association ?</strong></h3>
<p><img fetchpriority="high" decoding="async" class="alignnone size-medium wp-image-340" src="http://www.femmesdexpression06.fr/wp-content/uploads/2014/07/Bulletin-enveloppe-300x217.jpg" alt="Bulletin enveloppe" width="300" height="217" /></p>
<p>Pour cela, c&#8217;est très simple !</p>
<p>Il vous suffit de nous écrire grâce au formulaire en ligne, dans l&#8217;onglet <a title="Contact" href="http://www.femmesdexpression06.fr/contact/"><strong>&#8220;contact&#8221;.</strong></a></p>
<p>Si vous souhaitez apporter votre contribution pour soutenir ce type d’actions, vous pouvez<br />
faire un don par chèque à l&#8217;ordre de <span style="font-weight: 600;">&#8220;</span><span style="font-weight: 600;">Femmes d&#8217;Expression 06&#8243;,</span> et nous le retourner à l&#8217;adresse suivante : &#8220;<strong>Femmes d&#8217;Expression 06&#8243; &#8211;</strong> <strong>15, Bd Franck Pilatte &#8211; 06300 Nice &#8211; c/o Andrée Alziari-Negre</strong><strong>.</strong></p>
<p>Pensez à nous rejoindre et à nous suivre sur <a title="Page Facebook" href="https://www.facebook.com/profile.php?id=100015072768668" target="_blank"><span style="font-weight: 600;">notre page Facebook !</span></a></p>
<blockquote><p><span style="color: #ff00ff;">Nous vous disons à très bientôt !</span></p></blockquote>
<p>&nbsp;</p>

<p>Vous souhaitez nous soutenir et adhérer à notre association ? Pour cela, c&#8217;est très simple ! Il vous suffit de nous écrire grâce au formulaire en ligne, dans l&#8217;onglet &#8220;contact&#8221;. Si vous souhaitez apporter votre contribution pour soutenir ce type d’actions, vous pouvez faire un don par chèque à l&#8217;ordre de &#8220;Femmes d&#8217;Expression 06&#8243;, et nous le retourner [&hellip;]</p>
